nd o.
6
Let v = -7 - -15. Let j be -1 + 4/(v/74). Suppose -2*y + 5*u = -4*y + j, y = -4*u + 18. What is the highest common divisor of y and 12?
6
Let b be (-140)/(-77) + (-2)/(-11). Suppose 0 + 2 = b*n, h + 4*n = 0. Let x(o) = o**2 - 5. Let d be x(h). Calculate the greatest common factor of 66 and d.
11
Let n = -1289 + 1597. What is the greatest common divisor of n and 196?
28
Suppose -4*y + 206 - 38 = w, -115 = -3*y + 2*w. Let j = -11 + y. Calculate the greatest common divisor of j and 30.
30
Suppose -63*l = -9*l - 14742. Calculate the highest common divisor of 39 and l.
39
Let z be (-5680)/(-25) - 20/(-25)*1. Calculate the highest common divisor of z and 12.
12
Let z = -533 - -549. Suppose -3*v - 166 = -4*v - 3*g, 2*g = 3*v - 476. Calculate the greatest common divisor of z and v.
16
Let t be (-304)/(-72) + 7 + 2/(-9). What is the greatest common factor of t and 2?
1
Let n be ((-6)/4)/((-2)/4). Let q = -633 - -654. What is the highest common divisor of n and q?
3
Let n be 750/27 - 2/(-9). Suppose 0 = s + 4*u - 22, 3 = -5*u + n. Let x be (-5 + 2 + s)*-100. Calculate the greatest common factor of 20 and x.
20
Suppose -5*p = -20*n + 22*n - 17, 3*n = 3. Calculate the highest common factor of p and 75.
3
Suppose 8*i - 63 = 89. Calculate the highest common divisor of 228 and i.
19
Let c(j) = j**2 - 3*j - 19. Let x be c(-16). Let s be (-38)/x + (-1157)/(-15). Calculate the greatest common factor of 7 and s.
7
Suppose 12*i + 257 - 785 = 0. Calculate the highest common divisor of i and 396.
44
Let q = -1454 + 1949. What is the greatest common factor of q and 55?
55
Let l = 4 - 9. Let u be (192/(-40))/(1/l). Suppose -m + 35 = u. What is the greatest common divisor of m and 99?
11
Let t = 23 - 11. Suppose 6*u - 120 = 10*u. Let i = 90 + u. Calculate the highest common factor of t and i.
12
Suppose g + 3*g = 2*c - 62, 0 = 5*c + 4*g - 113. Let r be (-4 + 2)/(1/(-2)). Suppose -s - r = -29. Calculate the greatest common divisor of c and s.
25
Let a(c) = -9 + 4 + 4 - 5*c + 2*c**2. Let u be a(4). Suppose -u*l = -9*l - 150. Calculate the greatest common divisor of 15 and l.
15
Let y = -56 + 81. Suppose -3*w - 946 = -1321. What is the highest common divisor of w and y?
25
Suppose -3*q + 1536 = -5*q. Let g be (q/112)/(2/(-14)). Calculate the highest common divisor of 6 and g.
6
Let k(i) = 7*i - 5. Let t be k(-1). Let o be 21*(-8)/t*(0 + 1). What is the highest common divisor of o and 35?
7
Let l be 3 - ((-80)/5 + 3). Calculate the highest common factor of l and 128.
16
Suppose 2*q = 2*f + 22, 9*q - 4*q = -3*f + 63. What is the greatest common divisor of 192 and q?
12
Let c be (1 + -10)*(-32)/32 + 5. What is the greatest common factor of 6 and c?
2
Let b(m) = 4*m + 133. Let v be b(-19). Calculate the greatest common divisor of v and 912.
57
Suppose 53*z - 16874 = 31*z. What is the highest common divisor of z and 26?
13
Suppose 57*x - 2378 - 928 = 0. What is the highest common divisor of x and 319?
29
Let x = 952 - 926. Calculate the greatest common divisor of 442 and x.
26
Let q(j) = -j**2 - 15*j - 8. Let s be q(-13). What is the highest common divisor of 720 and s?
18
Let o(s) = s**2 - 20*s + 104. Let m be o(18). What is the greatest common factor of 476 and m?
68
Suppose -2*q - 4 = -c, 3*q + 0 + 34 = 5*c. Let d be 2*32*(-3)/(-6). Calculate the greatest common divisor of c and d.
8
Suppose 12 = 3*f, 3*o - 193 = 2*f - 21. Let c = -2179 - -2203. What is the greatest common factor of o and c?
12
Suppose -5*l = -0*l - 5. Let o(s) = -13 - 259*s - 26*s**2 + 238*s + 5*s**2 - 5*s**3 + 4*s**3. Let g be o(-20). Calculate the highest common divisor of g and l.
1
Let j be 16/(574/328 + 2/8). What is the highest common factor of j and 1256?
8
Suppose -10*k - k + 162 = -5*k. Let r = 279 - 63. What is the highest common divisor of r and k?
27
Let v = 119 + -68. Calculate the highest common divisor of 85 and v.
17
Let r be (-18)/(12/32*-4). What is the greatest common factor of 66 and r?
6
Suppose 2*i - 2*k = 56, 3*i - 1 = 5*k + 79. Let w = 21 - 11. Calculate the greatest common divisor of w and i.
10
Let h be 198/(-1485) - 814/(-30). What is the highest common divisor of h and 99?
9
Suppose -2*g - 6 + 26 = 0. Let y = 19 - g. Suppose -283 = -7*o - 31. What is the greatest common factor of y and o?
9
Suppose 3*b - 8 = b. Suppose b*h - 37 = -5. Let u(z) = z**3 - 7*z**2 - 8*z + 2. Let q be u(h). Calculate the greatest common factor of q and 8.
2
Let t be 6/(-10)*(-3 - 2). Suppose -t*v = -5 - 7. Suppose -s = 4*q - 22, s = v*s + 3*q - 30. What is the highest common divisor of 6 and s?
6
Suppose -3*w = 4*s + 2*w + 36, -2*w = -s - 9. Let j(v) = 2*v + 22. Let m be j(s). What is the greatest common divisor of m and 20?
4
Let q(r) = 103*r + 93. Let g be q(5). Calculate the highest common divisor of g and 38.
38
Let y be (-35)/(-15) - 1 - 4/(-6). Let m = y + 2. Calculate the highest common factor of m and 28.
4
Let z be (-250)/4*(-64)/40. Let i(p) = 7*p**2 - 2*p + 1. Let t be i(2). Calculate the greatest common divisor of t and z.
25
Suppose -5*o = w - 51, -13*o - 2*w + 52 = -8*o. Calculate the highest common factor of o and 18.
2
Suppose 2*m = 2*w - 278, -27*m + 31*m = -4*w + 588. Suppose f + 4*z + 3 = 0, 0 = -2*f + f + 3*z + 25. Calculate the highest common divisor of w and f.
13
Let v(x) = x**2 + x - 1. Let h(r) = 6*r**2 + 5*r - 4. Let w(p) = h(p) - 5*v(p). Let u be w(-3). What is the highest common divisor of 10 and u?
10
Suppose -922*n = -914*n - 1392. What is the highest common factor of 464 and n?
58
Suppose -10340 = 12*w - 32*w. Calculate the greatest common divisor of 94 and w.
47
Suppose 2*m + 5*v - 32 = 0, -16 = -m - 7*v + 4*v. Calculate the highest common factor of 20 and m.
4
Let g(t) = -9*t**2 - 2*t - 11. Let p be g(-3). Let f = -26 - p. What is the greatest common factor of f and 12?
12
Let h(d) = -d**3 - 51*d**2 - 99*d - 39. Let w be h(-49). Calculate the highest common factor of w and 35.
5
Suppose 101 = -4*r + 121. Suppose -4*l + 118 = 3*s - 2*s, -3*s = 2*l - 54. Calculate the highest common factor of r and l.
5
Suppose 0 = -10*y + 2*y + 1440. Let u be (8/(-6))/(16/(-120)). What is the highest common factor of u and y?
10
Let m be (-1)/(36/39 + -1). Let l(g) = 8 - g**3 - 5*g**2 + 2*g**3 - m*g + 3. Let a be l(8). What is the highest common divisor of a and 9?
9
Suppose 0 = 2*d + 3*d + 5. Let j be 0 - (-2 + 0) - d. What is the highest common factor of 33 and j?
3
Let j = 13 + -8. Suppose 12*s = j*s + 42. Let d be (1 - 3/2)*-96. Calculate the highest common factor of d and s.
6
Suppose 2*q + 98 = -4*h + 9*h, 4*h + 2*q = 64. Suppose -4*y + 12 = -4*n - 9*y, 2*n + 8 = -3*y. What is the highest common factor of n and h?
2
Let b be 3264/21 + 7/(392/32). Calculate the greatest common divisor of b and 273.
39
Let n = -293 - -568. Let w be (3 + -18)/((-120)/200). What is the highest common divisor of n and w?
25
Let u = -1105 - -1909. Calculate the highest common factor of 12 and u.
12
Suppose 4*v - 438 = -5*m, -2*m - v - 52 = -229. Suppose 5*h + 4*r - 66 = m, -4*h + 132 = -4*r. What is the highest common factor of 8 and h?
8
Suppose 0 = 2*i - 4*p - 2110, -i - 2*i + 3*p + 3162 = 0. Calculate the highest common divisor of 39 and i.
39
Suppose a + 40 = -4*z, 3*z - 5*a + 37 - 7 = 0. Let q be 5/(z/6) + 3 + 29. What is the highest common divisor of 29 and q?
29
Suppose 0 = 4*r - 4*o + 8*o - 48, 0 = 4*o - 4. What is the greatest common factor of 539 and r?
11
Let a be ((-2)/(-4))/(3/30). Let f be 0 - (-5)/(a/732). Suppose 4*u + 3*i - 296 = 271, 5*u - 4*i - f = 0. Calculate the highest common divisor of 18 and u.
18
Let m = 875 + -873. What is the highest common factor of m and 4?
2
Suppose 3*w + 9 = 0, 0 = 5*x + 3*w - 1. Suppose -36 = -2*f - x*l + 4, 3*l - 3 = 0. Calculate the greatest common factor of 57 and f.
19
Suppose -2*t - f + 0*f + 4 = 0, -3*f = 2*t + 4. Suppose 3*v - 412 = 4*x - 2*x, -t*v = 2*x - 540. What is the highest common divisor of 17 and v?
17
Let d = 1 + 1. Let q(t) = 6*t**3 - 3*t + 4. Let l be q(d). Suppose -5*x - 251 = -826. What is the greatest common divisor of x and l?
23
Suppose 0 = 4*z - c - 2728, -4*z + 5*c - 682 = -5*z. Calculate the highest common factor of 22 and z.
22
Let b be (-2)/4 + 75843/54. What is the greatest common divisor of 36 and b?
36
Suppose